{"id":11696,"date":"2025-07-06T10:55:52","date_gmt":"2025-07-06T16:55:52","guid":{"rendered":"https:\/\/emperjalisco.com\/?post_type=product&#038;p=11696"},"modified":"2025-12-09T16:16:52","modified_gmt":"2025-12-09T22:16:52","slug":"the-golden-snake-milestone-100ml","status":"publish","type":"product","link":"https:\/\/imperiumjalisco.com\/index.php\/product\/the-golden-snake-milestone-100ml\/","title":{"rendered":"The Golden Snake Milestone 100ml"},"content":{"rendered":"","protected":false},"excerpt":{"rendered":"<p><span style=\"color: #00ccff;\">\u03a9<\/span>\u00a0Envi\u00f3 gratis a partir de $1500 pesos.<\/p>\n<p>Sum\u00e9rgete en el encantador mundo de las fragancias con &#8220;Milestone: The Golden Snake.&#8221; Esta exquisita fragancia es una celebraci\u00f3n de la opulencia y el atractivo, encapsulada en una lujosa caja redonda personalizada que irradia lujo y misterio.Perfil de Fragancia: En el coraz\u00f3n de esta fragancia se encuentra la intoxicante esencia de Oud, una resina rara y preciosa conocida como &#8220;oro l\u00edquido&#8221; en el mundo de la perfumer\u00eda. El Oud, con su aroma profundo y complejo, forma la base de &#8220;Milestone: The Golden Snake,&#8221; proporcionando una experiencia olfativa duradera y profunda.<\/p>\n","protected":false},"featured_media":11698,"comment_status":"open","ping_status":"closed","template":"","meta":[],"product_brand":[],"product_cat":[298,305],"product_tag":[],"class_list":{"0":"post-11696","1":"product","2":"type-product","3":"status-publish","4":"has-post-thumbnail","6":"product_cat-caballero","7":"product_cat-milestone","9":"first","10":"instock","11":"sale","12":"shipping-taxable","13":"purchasable","14":"product-type-simple","15":"add-to-wishlist-after_add_to_cart"},"group_of_quantity":0,"min_quantity":0,"max_quantity":"","exclude_order_quantity_value_rules":"no","exclude_category_quantity_rules":"no","combine_variations":"no","_links":{"self":[{"href":"https:\/\/imperiumjalisco.com\/index.php\/wp-json\/wp\/v2\/product\/11696","targetHints":{"allow":["GET"]}}],"collection":[{"href":"https:\/\/imperiumjalisco.com\/index.php\/wp-json\/wp\/v2\/product"}],"about":[{"href":"https:\/\/imperiumjalisco.com\/index.php\/wp-json\/wp\/v2\/types\/product"}],"replies":[{"embeddable":true,"href":"https:\/\/imperiumjalisco.com\/index.php\/wp-json\/wp\/v2\/comments?post=11696"}],"wp:featuredmedia":[{"embeddable":true,"href":"https:\/\/imperiumjalisco.com\/index.php\/wp-json\/wp\/v2\/media\/11698"}],"wp:attachment":[{"href":"https:\/\/imperiumjalisco.com\/index.php\/wp-json\/wp\/v2\/media?parent=11696"}],"wp:term":[{"taxonomy":"product_brand","embeddable":true,"href":"https:\/\/imperiumjalisco.com\/index.php\/wp-json\/wp\/v2\/product_brand?post=11696"},{"taxonomy":"product_cat","embeddable":true,"href":"https:\/\/imperiumjalisco.com\/index.php\/wp-json\/wp\/v2\/product_cat?post=11696"},{"taxonomy":"product_tag","embeddable":true,"href":"https:\/\/imperiumjalisco.com\/index.php\/wp-json\/wp\/v2\/product_tag?post=11696"}],"curies":[{"name":"wp","href":"https:\/\/api.w.org\/{rel}","templated":true}]}}