{"id":11548,"date":"2025-04-06T21:11:40","date_gmt":"2025-04-07T03:11:40","guid":{"rendered":"https:\/\/emperjalisco.com\/?post_type=product&#038;p=11548"},"modified":"2025-12-19T20:12:40","modified_gmt":"2025-12-20T02:12:40","slug":"discovery-set-perfume-stallion-53-captcha-36-ilang-62-the-black-92-unisex-30-ml-c-u","status":"publish","type":"product","link":"https:\/\/imperiumjalisco.com\/index.php\/product\/discovery-set-perfume-stallion-53-captcha-36-ilang-62-the-black-92-unisex-30-ml-c-u\/","title":{"rendered":"Discovery Set Perfume Stallion 53, Captcha 36, Ilang 62 &#038; The Black 92 (Unisex) 30 ML c\/u"},"content":{"rendered":"","protected":false},"excerpt":{"rendered":"<p>\u03a9\u00a0Envi\u00f3 gratis a partir de $1500 pesos.<\/p>\n<p>Stallion 53:\u00a0 sensaci\u00f3n leve de cardamomo, el iris y la violeta; reforzado por las notas amaderadas y c\u00e1lidas, STALLION 53 tiene una esencia energizante que resulta el aroma acertado para aquellos hombres y mujeres que busquen ralentizar el tiempo ante el ritmo fren\u00e9tico y a la vez reconfortante de sus vidas.<\/p>\n<p>The black 92: combina la profundidad y la frescura, la suavidad y la fuerza mediante una permanente oscilaci\u00f3n entre la luz de la bergamota, el higo y las hojas de laurel, as\u00ed como la profundidad de la madera de cedro, vetiver.<\/p>\n<p>Capcha 36: es mucho m\u00e1s que un aroma para nosotros. Es un momento de introspecci\u00f3n, un momento a solas que ofrece una silenciosa celebraci\u00f3n interior de gracia y una belleza llena de alma. Un simple respiro nos aleja del murmullo del exterior y nos devuelve al &#8220;interior&#8221;.<\/p>\n<p>Ilang 62: es un chipre floral, donde la pua noa (gardenia de Tahit\u00ed) completa la voluptuosidad floral del ylang ylang. Pachuli, musgo de roble, vetiver, madera de s\u00e1ndalo y benju\u00ed.<\/p>\n","protected":false},"featured_media":11549,"comment_status":"open","ping_status":"closed","template":"","meta":[],"product_brand":[],"product_cat":[298,297,300,318,316,299],"product_tag":[],"class_list":{"0":"post-11548","1":"product","2":"type-product","3":"status-publish","4":"has-post-thumbnail","6":"product_cat-caballero","7":"product_cat-dama","8":"product_cat-imperium","9":"product_cat-sets","10":"product_cat-stallion-53","11":"product_cat-unisex","13":"first","14":"instock","15":"sale","16":"shipping-taxable","17":"purchasable","18":"product-type-simple","19":"add-to-wishlist-after_add_to_cart"},"group_of_quantity":0,"min_quantity":0,"max_quantity":"","exclude_order_quantity_value_rules":"no","exclude_category_quantity_rules":"no","combine_variations":"no","_links":{"self":[{"href":"https:\/\/imperiumjalisco.com\/index.php\/wp-json\/wp\/v2\/product\/11548","targetHints":{"allow":["GET"]}}],"collection":[{"href":"https:\/\/imperiumjalisco.com\/index.php\/wp-json\/wp\/v2\/product"}],"about":[{"href":"https:\/\/imperiumjalisco.com\/index.php\/wp-json\/wp\/v2\/types\/product"}],"replies":[{"embeddable":true,"href":"https:\/\/imperiumjalisco.com\/index.php\/wp-json\/wp\/v2\/comments?post=11548"}],"wp:featuredmedia":[{"embeddable":true,"href":"https:\/\/imperiumjalisco.com\/index.php\/wp-json\/wp\/v2\/media\/11549"}],"wp:attachment":[{"href":"https:\/\/imperiumjalisco.com\/index.php\/wp-json\/wp\/v2\/media?parent=11548"}],"wp:term":[{"taxonomy":"product_brand","embeddable":true,"href":"https:\/\/imperiumjalisco.com\/index.php\/wp-json\/wp\/v2\/product_brand?post=11548"},{"taxonomy":"product_cat","embeddable":true,"href":"https:\/\/imperiumjalisco.com\/index.php\/wp-json\/wp\/v2\/product_cat?post=11548"},{"taxonomy":"product_tag","embeddable":true,"href":"https:\/\/imperiumjalisco.com\/index.php\/wp-json\/wp\/v2\/product_tag?post=11548"}],"curies":[{"name":"wp","href":"https:\/\/api.w.org\/{rel}","templated":true}]}}