{"id":11542,"date":"2025-04-06T20:33:04","date_gmt":"2025-04-07T02:33:04","guid":{"rendered":"https:\/\/emperjalisco.com\/?post_type=product&#038;p=11542"},"modified":"2025-12-09T17:11:45","modified_gmt":"2025-12-09T23:11:45","slug":"hadia-emper-edp-100-ml","status":"publish","type":"product","link":"https:\/\/imperiumjalisco.com\/index.php\/product\/hadia-emper-edp-100-ml\/","title":{"rendered":"Hadia Emper Edp. 100 ml"},"content":{"rendered":"","protected":false},"excerpt":{"rendered":"<p><span style=\"color: #33cccc;\">\u03a9\u00a0<\/span>Envi\u00f3 gratis a partir de $1500 pesos.<\/p>\n<p>La esencia de una mujer libre y cautivadora. Una fragancia oriental amaderada y ambarina de car\u00e1cter intenso: sensual, profundo, adictivo. Fragancia oriental amaderada y ambarina de car\u00e1cter extremo. El perfume se articula en torno a una sobredosis de pachul\u00ed realzada por la calidez de un acorde ambarino de absoluto de vainilla y haba tonka. Un coraz\u00f3n de rosa y jazm\u00edn, y el frescor contrastado de los c\u00edtricos completan esta poderosa composici\u00f3n. Similar madeimoselle Intense.<\/p>\n","protected":false},"featured_media":11543,"comment_status":"open","ping_status":"closed","template":"","meta":[],"product_brand":[],"product_cat":[297,300],"product_tag":[],"class_list":{"0":"post-11542","1":"product","2":"type-product","3":"status-publish","4":"has-post-thumbnail","6":"product_cat-dama","7":"product_cat-imperium","9":"first","10":"instock","11":"sale","12":"shipping-taxable","13":"purchasable","14":"product-type-simple","15":"add-to-wishlist-after_add_to_cart"},"group_of_quantity":0,"min_quantity":0,"max_quantity":"","exclude_order_quantity_value_rules":"no","exclude_category_quantity_rules":"no","combine_variations":"no","_links":{"self":[{"href":"https:\/\/imperiumjalisco.com\/index.php\/wp-json\/wp\/v2\/product\/11542","targetHints":{"allow":["GET"]}}],"collection":[{"href":"https:\/\/imperiumjalisco.com\/index.php\/wp-json\/wp\/v2\/product"}],"about":[{"href":"https:\/\/imperiumjalisco.com\/index.php\/wp-json\/wp\/v2\/types\/product"}],"replies":[{"embeddable":true,"href":"https:\/\/imperiumjalisco.com\/index.php\/wp-json\/wp\/v2\/comments?post=11542"}],"wp:featuredmedia":[{"embeddable":true,"href":"https:\/\/imperiumjalisco.com\/index.php\/wp-json\/wp\/v2\/media\/11543"}],"wp:attachment":[{"href":"https:\/\/imperiumjalisco.com\/index.php\/wp-json\/wp\/v2\/media?parent=11542"}],"wp:term":[{"taxonomy":"product_brand","embeddable":true,"href":"https:\/\/imperiumjalisco.com\/index.php\/wp-json\/wp\/v2\/product_brand?post=11542"},{"taxonomy":"product_cat","embeddable":true,"href":"https:\/\/imperiumjalisco.com\/index.php\/wp-json\/wp\/v2\/product_cat?post=11542"},{"taxonomy":"product_tag","embeddable":true,"href":"https:\/\/imperiumjalisco.com\/index.php\/wp-json\/wp\/v2\/product_tag?post=11542"}],"curies":[{"name":"wp","href":"https:\/\/api.w.org\/{rel}","templated":true}]}}