{"id":11386,"date":"2025-03-23T18:39:20","date_gmt":"2025-03-24T00:39:20","guid":{"rendered":"https:\/\/emperjalisco.com\/?post_type=product&#038;p=11386"},"modified":"2025-03-23T18:39:20","modified_gmt":"2025-03-24T00:39:20","slug":"mouj-iceage-milestone-edp-decant","status":"publish","type":"product","link":"https:\/\/imperiumjalisco.com\/index.php\/product\/mouj-iceage-milestone-edp-decant\/","title":{"rendered":"Mouj Iceage Milestone Edp. &#8211; Decant"},"content":{"rendered":"","protected":false},"excerpt":{"rendered":"<p><span style=\"color: #33cccc;\">\u03a9\u00a0<\/span>Env\u00edo gratis a partir de $1500 pesos.<\/p>\n<p>Emb\u00e1rcate en un viaje olfativo como ning\u00fan otro con Milestone Mouj Iceage Woman, una aut\u00e9ntica obra maestra del mundo de la perfumer\u00eda.\u00a0 esta fragancia encarna la sofisticaci\u00f3n, el encanto y la elegancia atemporal. Se erige como un tributo extraordinario que ofrece una experiencia incomparable a los entusiastas de las fragancias de todo el mundo.<\/p>\n","protected":false},"featured_media":10651,"comment_status":"open","ping_status":"closed","template":"","meta":[],"product_brand":[],"product_cat":[308],"product_tag":[],"class_list":{"0":"post-11386","1":"product","2":"type-product","3":"status-publish","4":"has-post-thumbnail","6":"product_cat-decants","8":"first","9":"instock","10":"shipping-taxable","11":"purchasable","12":"product-type-variable","13":"wvs-archive-product-wrapper","14":"add-to-wishlist-after_add_to_cart"},"group_of_quantity":0,"min_quantity":0,"max_quantity":"","exclude_order_quantity_value_rules":"no","exclude_category_quantity_rules":"no","combine_variations":"no","_links":{"self":[{"href":"https:\/\/imperiumjalisco.com\/index.php\/wp-json\/wp\/v2\/product\/11386","targetHints":{"allow":["GET"]}}],"collection":[{"href":"https:\/\/imperiumjalisco.com\/index.php\/wp-json\/wp\/v2\/product"}],"about":[{"href":"https:\/\/imperiumjalisco.com\/index.php\/wp-json\/wp\/v2\/types\/product"}],"replies":[{"embeddable":true,"href":"https:\/\/imperiumjalisco.com\/index.php\/wp-json\/wp\/v2\/comments?post=11386"}],"wp:featuredmedia":[{"embeddable":true,"href":"https:\/\/imperiumjalisco.com\/index.php\/wp-json\/wp\/v2\/media\/10651"}],"wp:attachment":[{"href":"https:\/\/imperiumjalisco.com\/index.php\/wp-json\/wp\/v2\/media?parent=11386"}],"wp:term":[{"taxonomy":"product_brand","embeddable":true,"href":"https:\/\/imperiumjalisco.com\/index.php\/wp-json\/wp\/v2\/product_brand?post=11386"},{"taxonomy":"product_cat","embeddable":true,"href":"https:\/\/imperiumjalisco.com\/index.php\/wp-json\/wp\/v2\/product_cat?post=11386"},{"taxonomy":"product_tag","embeddable":true,"href":"https:\/\/imperiumjalisco.com\/index.php\/wp-json\/wp\/v2\/product_tag?post=11386"}],"curies":[{"name":"wp","href":"https:\/\/api.w.org\/{rel}","templated":true}]}}